Let l(k) = -54*k - 27. Let u be l(1). Let m be (u/108)/(-1*(-1)/(-120)). What is the greatest common factor of m and 2?
2
Let k be 8448/10 - 2/20*-2. Calculate the highest common factor of k and 1859.
169
Let i(n) = n**3 + 13*n**2 - 6*n - 144. Let f be i(-9). Calculate the greatest common divisor of 42 and f.
6
Suppose -10*w = -11868 - 452. What is the highest common factor of w and 84?
28
Suppose 7 = i + 8, 0 = -2*d + 3*i + 41. Calculate the greatest common divisor of 513 and d.
19
Suppose 640 + 1880 = 10*l. Suppose 2*w + 2*y - 146 = 0, 4*w = 3*y + y + l. What is the greatest common divisor of w and 17?
17
Suppose -5*h + 91 = 4*q - 317, 4*h - q = 339. Suppose -h*l = -94*l + 90. What is the highest common factor of l and 12?
3
Suppose 603*l + 4411 = 614*l. Let a = 421 - l. What is the greatest common divisor of a and 580?
20
Let k be (124 + -1)*-4*8/32. Let x = k - -128. Suppose 4*a - 1 = 3, 2*a = -3*i + 62. What is the greatest common divisor of i and x?
5
Suppose 3*u - 4*g - 3309 = 0, 10*u = 12*u - g - 2211. What is the highest common factor of 189 and u?
27
Let y(o) = 4*o**2 + 73*o - 220. Let b be y(3). Calculate the greatest common divisor of b and 1288.
7
Suppose 0 = -72*p + 327327 + 26878 - 34741. What is the highest common divisor of 204 and p?
51
Suppose b - 25 = -24. Let p be 24/(-30)*(b + 4). Let q be (-6)/p*10/15. What is the highest common divisor of q and 10?
1
Suppose -11 = -6*m + 7. Let k(b) = 28 - 53 + 40 - m*b. Let p be k(-16). Calculate the greatest common divisor of 21 and p.
21
Let x = -4431 - -5221. What is the greatest common factor of x and 474?
158
Suppose 18*l - 11*l = 0. Suppose -10*f + 3076 + 474 = l. Calculate the greatest common factor of f and 71.
71
Let u(c) = 4*c**2 - 24*c - 263. Let t be u(-10). Calculate the greatest common factor of 13 and t.
13
Suppose -12*p - 45 + 69 = 0. Suppose 4*a - 304 = p*k, 7*a - 2*k + 164 = 9*a. What is the greatest common divisor of a and 858?
78
Let r = 164 - -22. Let x = 222 - r. Let n be (-2)/(1/2 - 1). Calculate the greatest common divisor of n and x.
4
Let l be 837/(-63) - (-4)/14. Let h = l + 30. Let m(q) = -3*q**3 - 8*q**2 - 13*q + 20. Let k be m(-4). Calculate the highest common divisor of k and h.
17
Suppose -w + 365 = 2*w - 4*g, 3 = 3*g. Let p(i) = -2*i**2 + 82. Let c be p(0). What is the highest common factor of c and w?
41
Suppose 11*t + 30 = 13*t. Suppose 6*z = 243 - 3. What is the highest common factor of t and z?
5
Let i(a) = 33 + 21 + 37 + 73 + 4*a. Let f be i(-31). Calculate the highest common factor of 32 and f.
8
Suppose -k = 3*d - 180, -17*d + 21*d - 192 = 4*k. What is the highest common divisor of d and 46227?
57
Suppose -19*k + 78 = 10*z - 15*k, -3*z - 2*k + 17 = 0. Let p(r) = -r**3 + 9*r**2 + 3*r - 4. Let b be p(4). What is the greatest common divisor of b and z?
11
Let o(g) = -13*g + 114. Let v be o(-30). Let h = v + -483. Calculate the greatest common divisor of h and 3.
3
Let i(a) = -3*a + 2 - 2*a + 0*a + 4*a. Let v be i(2). Suppose v*y - 345 = -5*y. Calculate the highest common divisor of y and 46.
23
Let p(q) = -q**2 + 188*q - 3015. Let r be p(18). Let j(s) = s**2 - s - 3. Let d be j(-3). What is the highest common factor of r and d?
9
Let n(t) = t**2 - 65*t + 1092. Let m be n(35). What is the greatest common factor of m and 763?
7
Let w be 6578/22 - -2*(-1 + 2). Suppose -15*x + w = 46. Calculate the greatest common divisor of 204 and x.
17
Suppose -109*c + 227*c - 1180 = 0. What is the highest common factor of 8770 and c?
10
Let l = 558 + -260. Suppose -l - 262 = -4*f. Suppose -6 + 34 = m - 4*x, -f = -5*m - 4*x. What is the greatest common divisor of m and 308?
28
Suppose 1 = 9*q - 17. Suppose 113 + 253 = q*n. Let h = -43 + n. Calculate the highest common factor of 28 and h.
28
Let q be (-2497)/(-3) - 12/(-18). Suppose -4*j + q = -595. Suppose 11*l - 18*l = -j. Calculate the highest common factor of 68 and l.
17
Let j(w) = 5*w + 12. Let f be j(-2). Let i be ((-320)/120)/((-2)/18*f). Calculate the greatest common factor of 12 and i.
12
Let u(m) = -m**3 - 3*m**2 + 14*m + 20. Let p be u(-4). Let n be (p + -29)/((-2)/4). Calculate the greatest common divisor of 2 and n.
2
Let x = -23281 - -24649. What is the greatest common divisor of x and 3933?
171
Let t = 111 + -108. Suppose 5*x = 4*s - 74, -t*x - 77 + 7 = 4*s. Let r be (30/8)/(x/(-240)) + -3. What is the highest common factor of 517 and r?
47
Let k be (1/(-3))/(273/(-26208)). What is the greatest common factor of k and 992?
32
Suppose 5*j - 8301 = -2*t - t, 0 = -17*j + 5*t + 28193. Calculate the greatest common divisor of j and 84.
21
Let v(n) = -n**3 - 29*n**2 - 35*n - 124. Let b be v(-28). Calculate the greatest common factor of b and 3744.
72
Let n(r) = -114*r**3 - 2*r**2 + 13*r + 15. Let o be n(-1). Let g be (1 - 0/2) + 170. Calculate the highest common divisor of g and o.
57
Let u = -295 - -331. Let r be (-3)/(24/(-4174)) - (-106)/424. Calculate the greatest common factor of r and u.
18
Let x(g) = -2251*g**3 - 2*g - 3. Let j be x(-1). Suppose 23*o - j = 21*o. Suppose 5*b - o = 2*f - f, -5*f = 0. Calculate the highest common divisor of b and 25.
25
Suppose -63*t + 24*t = -74919. Suppose 5*b = x + t, -3*b - 4*x + 96 = -1052. Calculate the highest common factor of 96 and b.
96
Let z = -414 + 420. Let n(i) = 36*i - 126. Let o be n(z). What is the greatest common factor of 30 and o?
30
Let c be -11 + 2 - 150/(-10). Let y = -7 + 253. What is the highest common factor of c and y?
6
Suppose -5*j - 49 = 2*j - 14*j. Calculate the greatest common factor of 24787 and j.
7
Let q be (5/15)/(4/(-1596)). Let j = -81 - q. Suppose -260 = 2*b - 4*b. Calculate the greatest common divisor of j and b.
26
Suppose 10*l - 516 = 8*l. Suppose 265*n - 1232 = l*n. What is the highest common divisor of n and 396?
44
Let s = 38855 + -38810. Let w be ((-4)/8)/((-1)/(-60)). Let o be 18/5*w/(-4). What is the greatest common factor of s and o?
9
Let b be (1409952/(-1140))/((-2)/4*16/60). What is the greatest common divisor of b and 48?
12
Let f(m) = 29*m + 599. Let g be f(4). Calculate the greatest common divisor of 33 and g.
11
Let v = -243 + 239. Let c be (1*(v + -2))/(6/(-136)). Calculate the greatest common divisor of c and 16.
8
Suppose -4*b + 82 = 70. Let t be b + -6 + 29 + 0. Calculate the highest common divisor of t and 26.
26
Suppose 5*r = -3*g + 596, -g = -4*r - 0*g + 470. Suppose -310 = -8*y - r. Let q = y - -3. What is the highest common divisor of q and 9?
9
Let u = -10415 - -10469. Let l(t) = t**3 - 7*t**2 + 6*t + 2. Let i be l(6). Calculate the highest common factor of i and u.
2
Let c(k) = 39*k - 1555. Let q be c(95). Calculate the highest common divisor of 86 and q.
86
Suppose 1099 = m - 2*z - 1951, -12158 = -4*m + 2*z. Calculate the greatest common factor of 1188 and m.
132
Let f be (-2)/(((-2055)/(-1030) - 2)/1). Let v = 464 - f. Suppose j - 29 = 49. What is the greatest common divisor of v and j?
26
Suppose 28*l - 38217 + 12983 = 29954. Calculate the greatest common divisor of 1679 and l.
73
Let b be -2*(-26)/2 - 2. Suppose -5*o = 4*d - 2704, 2*o + 5*d - 983 = 102. Let s = 548 - o. What is the greatest common divisor of b and s?
8
Suppose 4023 + 181 = p + 4*c, 0 = p - 4*c - 4164. What is the highest common divisor of p and 16?
8
Let f(z) = -21*z + 83. Let p be f(5). Let b(k) = -k**2 - 20*k + 58. Let i be b(p). What is the greatest common factor of 28 and i?
14
Suppose -43*q = -56101 + 12843. Suppose 3556 = 51*u + q. Let g(a) = -5*a - 5. Let r be g(-5). Calculate the highest common factor of u and r.
10
Suppose -3*h = -c - 12, -h = 2*h + 2*c - 12. Let x be h/5*((-240)/(-4))/(-4). Let n be 15*(52/x + 5). Calculate the highest common divisor of 10 and n.
10
Suppose -5*r = -3*g + 9554 + 7846, -4*g + 6946 = -2*r. Let i = -1881 - r. What is the greatest common divisor of 18 and i?
18
Let l be (8/24)/((-5)/(-105)) - -683. What is the highest common factor of l and 120?
30
Let a = 9327 + -8827. What is the greatest common divisor of a and 640?
20
Let l = 76 + -154. Let c = -132 - l. Let t = 78 + c. What is the highest common divisor of t and 3?
3
Let m = 8127 + -7832. What is the greatest common factor of m and 45?
5
Let z(i) = -i**3 + 16*i**2 + 33*i - 1. Suppose -4*p = -2*w + 5*w + 2, -5*w = -10. Let b be z(p). Calc